 divide 6776492?
False
Is 13 a factor of 2811250?
True
Does 109 divide 22392?
False
Is 11798 a multiple of 347?
True
Does 80 divide 7865040?
True
Is 2986810 a multiple of 62?
False
Does 121 divide 4251577?
True
Does 18 divide 2732438?
False
Is 542 a factor of 2120735?
False
Is 32 a factor of 715880?
False
Does 731 divide 210528?
True
Does 5 divide 802481?
False
Is 21 a factor of 1517040?
True
Is 614199 a multiple of 5?
False
Is 87096 a multiple of 191?
True
Is 83652 a multiple of 6?
True
Does 222 divide 846889?
False
Is 3944178 a multiple of 7?
True
Is 18 a factor of 1020636?
True
Does 16 divide 4132018?
False
Is 100 a factor of 11632134?
False
Is 9687 a multiple of 22?
False
Does 55 divide 296733?
False
Is 1581 a factor of 1498788?
True
Does 302 divide 150596?
False
Is 40 a factor of 115800?
True
Is 42 a factor of 8891290?
False
Does 30 divide 2761161?
False
Is 4 a factor of 872552?
True
Does 100 divide 486639?
False
Is 13999958 a multiple of 1514?
True
Is 1444332 a multiple of 7?
False
Is 6394 a multiple of 139?
True
Is 859 a factor of 176095?
True
Is 130 a factor of 2068062?
False
Is 9 a factor of 1210455?
True
Does 395 divide 771184?
False
Is 208233 a multiple of 95?
False
Is 1409604 a multiple of 28?
True
Does 2 divide 56400?
True
Is 5398977 a multiple of 1063?
True
Does 35 divide 1646400?
True
Is 378 a factor of 217350?
True
Does 1081 divide 10651816?
False
Is 143 a factor of 2052871?
False
Is 15 a factor of 6355935?
True
Is 235772 a multiple of 28?
False
Is 23 a factor of 41400?
True
Is 4836550 a multiple of 25?
True
Is 23 a factor of 403098?
True
Is 118820 a multiple of 52?
True
Is 203353 a multiple of 41?
False
Is 125 a factor of 102716?
False
Does 16 divide 29673?
False
Is 2001733 a multiple of 114?
False
Is 361 a factor of 4301315?
True
Does 15 divide 62175?
True
Is 160 a factor of 1286332?
False
Is 159 a factor of 33350?
False
Is 15 a factor of 1905745?
False
Is 94 a factor of 59860?
False
Is 444280 a multiple of 290?
True
Does 165 divide 129154?
False
Is 1297238 a multiple of 388?
False
Is 8 a factor of 30299?
False
Does 578 divide 30634?
True
Is 53 a factor of 141563?
True
Does 196 divide 256178?
False
Does 32 divide 5024?
True
Is 51528 a multiple of 113?
True
Does 51 divide 78591?
True
Is 93499 a multiple of 133?
True
Is 25 a factor of 71283?
False
Does 36 divide 30852?
True
Does 13 divide 51184?
False
Is 332 a factor of 887651?
False
Is 82713 a multiple of 334?
False
Is 3 a factor of 164450?
False
Does 26 divide 175968?
True
Is 27 a factor of 106226?
False
Is 278334 a multiple of 141?
True
Does 60 divide 812100?
True
Does 15 divide 1249229?
False
Does 4 divide 531492?
True
Is 722325 a multiple of 19?
False
Is 23 a factor of 632339?
True
Is 94 a factor of 1998966?
False
Does 4 divide 130568?
True
Is 426 a factor of 1947046?
False
Is 5 a factor of 3047728?
False
Is 241 a factor of 205459?
False
Does 40 divide 247228?
False
Is 2793388 a multiple of 52?
True
Does 132 divide 168149?
False
Does 175 divide 20023500?
True
Does 33 divide 210348?
False
Does 3 divide 1312947?
True
Is 374 a factor of 3440800?
True
Does 10 divide 11463940?
True
Does 87 divide 5466384?
True
Is 35 a factor of 2140145?
True
Is 38152 a multiple of 19?
True
Is 18 a factor of 231097?
False
Is 8 a factor of 15871592?
True
Is 9230614 a multiple of 254?
True
Does 28 divide 406476?
True
Does 180 divide 1595700?
True
Does 13 divide 2727166?
True
Is 60967 a multiple of 101?
False
Is 95 a factor of 776724?
False
Does 959 divide 1287660?
False
Does 730 divide 1922275?
False
Is 29 a factor of 714009?
True
Is 172 a factor of 75379?
False
Does 607 divide 162676?
True
Is 13 a factor of 148148?
True
Is 222 a factor of 316645?
False
Is 31 a factor of 918803?
False
Does 188 divide 1475307?
False
Is 147 a factor of 3719042?
False
Is 20 a factor of 97718?
False
Is 42 a factor of 10802583?
False
Does 183 divide 10331508?
False
Does 136 divide 229882?
False
Is 9 a factor of 80552?
False
Is 84717 a multiple of 9?
True
Is 1338500 a multiple of 20?
True
Does 320 divide 1468203?
False
Is 33 a factor of 601689?
True
Does 25 divide 25525?
True
Does 34 divide 95542?
False
Is 2636198 a multiple of 5?
False
Is 112 a factor of 463792?
True
Is 20655 a multiple of 45?
True
Is 440 a factor of 7151320?
True
Is 1780462 a multiple of 73?
False
Is 37 a factor of 9022787?
False
Is 3 a factor of 7772?
False
Is 246 a factor of 175531?
False
Does 2 divide 65645?
False
Is 3 a factor of 389764?
False
Does 6 divide 51509?
False
Is 54 a factor of 52805?
False
Is 6 a factor of 38058?
True
Does 1656 divide 4229424?
True
Does 46 divide 1161684?
True
Is 1087231 a multiple of 950?
False
Is 68 a factor of 7412272?
True
Is 270 a factor of 157237?
False
Is 2503228 a multiple of 91?
True
Is 145756 a multiple of 17?
False
Is 273498 a multiple of 9?
False
Is 877085 a multiple of 576?
False
Is 3663175 a multiple of 5?
True
Is 5 a factor of 1012142?
False
Is 138180 a multiple of 70?
True
Does 11 divide 811195?
True
Is 15 a factor of 822812?
False
Is 51957 a multiple of 23?
True
Is 1067 a factor of 24697613?
False
Is 212641 a multiple of 37?
False
Is 12 a factor of 121878?
False
Is 62 a factor of 37324?
True
Does 20 divide 443193?
False
Is 11 a factor of 3186177?
False
Is 32742 a multiple of 22?
False
Is 6648514 a multiple of 810?
False
Is 5263149 a multiple of 966?
False
Does 97 divide 180879?
False
Is 8688488 a multiple of 37?
True
Does 86 divide 2716?
False
Is 7145502 a multiple of 34?
False
Does 28 divide 710444?
True
Does 12 divide 2733038?
False
Is 1258974 a multiple of 18?
True
Is 805 a factor of 6143760?
True
Is 12 a factor of 1935480?
True
Does 15 divide 505545?
True
Is 10474 a multiple of 11?
False
Is 78156 a multiple of 36?
True
Does 117 divide 78809?
False
Is 490998 a multiple of 57?
True
Is 403 a factor of 3154281?
True
Is 5740389 a multiple of 243?
True
Is 21530509 a multiple of 1099?
True
Does 1376 divide 4363296?
True
Does 6 divide 159942?
True
Is 391191 a multiple of 312?
False
Does 11 divide 486090?
True
Does 418 divide 1806596?
True
Does 737 divide 11266519?
True
Does 2 divide 43359?
False
Does 14 divide 1870302?
True
Is 84 a factor of 815109?
False
Does 28 divide 741748?
True
Is 31 a factor of 2104001?
True
Is 26 a factor of 499122?
True
Is 8863041 a multiple of 491?
True
Does 572 divide 19178016?
True
Is 176971 a multiple of 37?
True
Is 41233 a multiple of 6?
False
Is 3 a factor of 789670?
False
Does 877 divide 393773?
True
Is 242379 a multiple of 27?
True
Is 69280 a multiple of 22?
False
Does 486 divide 112402?
False
Is 3848619 a multiple of 152?
False
Is 12870 a multiple of 15?
True
Is 49 a factor of 283318?
True
Is 382165 a multiple of 240?
False
Is 153 a factor of 8326413?
True
Is 33048 a multiple of 34?
True
Is 205 a factor of 205026?
False
Does 39 divide 236301?
True
Is 8 a factor of 82593?
False
Does 295 divide 324237?
False
Is 1166832 a multiple of 246?
False
Is 18 a factor of 16119612?
True
Is 477969 a multiple of 7?
False
Is 67529 a multiple of 30?
False
Does 4 divide 84299?
False
Is 9 a factor of 1505384?
False
Is 335 a factor of 435842?
False
Does 245 divide 157535?
True
Is 30 a factor of 529380?
True
Does 3 divide 59393?
False
Does 13 divide 861861?
True
Is 34 a factor of 1888196?
False
Is 299404 a multiple of 238?
True
Does 8 divide 23016?
True
Is 30 a factor of 182640?
True
Does 9 divide 1500270?
False
Does 113 divide 190267?
False
Does 128 divide 24255232?
True
Is 286296 a multiple of 316?
True
Does 5 divide 1633825?
True
Is 498017 a multiple of 16?
False
Does 149 divide 157642?
True
Is 26096 a multiple of 2?
True
Is 34 a factor of 37536?
True
Is 28 a factor of 169935?
False
Is 21446260 a multiple of 220?
True
Is 34120 a multiple of 40?
True
Does 88 divide 38873?
False
Does 44 divide 2835981?
False
Is 359 a factor of 1256582?
False
Does 56 divide 39463?
False
Is 1304436 a multiple of 212?
True
Does 341 divide 461032?
True
Is 7977 a multiple of 4?
False
Is 85 a factor of 3498260?
True
Does 8 divide 14152?
True
Is 42 a factor of 2296518?
True
Is 191 a factor of 2049556?
False
Does 5 divide 6050?
True
Is 11653946 a multiple of 43?
True
Does 31 divide 31651?
True
Is 13 a factor of 526747?
True
Does 62 divide 480748?
True
Does 1282 divide 5232793?
False
Is 3623 a multiple of 21?
Fals